e remainder when 3132 is divided by 52.
12
What is the remainder when 216 is divided by 101?
14
Calculate the remainder when 2079 is divided by 147.
21
Calculate the remainder when 56 is divided by 43.
13
What is the remainder when 408 is divided by 83?
76
Calculate the remainder when 270 is divided by 80.
30
What is the remainder when 2039 is divided by 89?
81
What is the remainder when 74 is divided by 28?
18
Calculate the remainder when 79 is divided by 45.
34
Calculate the remainder when 10149 is divided by 10.
9
What is the remainder when 3536 is divided by 9?
8
What is the remainder when 612 is divided by 202?
6
Calculate the remainder when 122 is divided by 54.
14
What is the remainder when 611 is divided by 195?
26
What is the remainder when 1889 is divided by 382?
361
What is the remainder when 776 is divided by 174?
80
Calculate the remainder when 414 is divided by 11.
7
What is the remainder when 837 is divided by 10?
7
Calculate the remainder when 22783 is divided by 49.
47
What is the remainder when 164 is divided by 22?
10
What is the remainder when 300 is divided by 52?
40
What is the remainder when 200 is divided by 55?
35
What is the remainder when 70 is divided by 9?
7
What is the remainder when 61 is divided by 17?
10
What is the remainder when 717 is divided by 30?
27
What is the remainder when 32605 is divided by 34?
33
What is the remainder when 302 is divided by 61?
58
Calculate the remainder when 4394 is divided by 16.
10
Calculate the remainder when 2424 is divided by 2412.
12
What is the remainder when 860 is divided by 21?
20
Calculate the remainder when 248 is divided by 41.
2
Calculate the remainder when 175 is divided by 53.
16
What is the remainder when 606 is divided by 31?
17
Calculate the remainder when 361 is divided by 50.
11
Calculate the remainder when 932 is divided by 231.
8
Calculate the remainder when 281 is divided by 56.
1
Calculate the remainder when 251 is divided by 50.
1
Calculate the remainder when 754 is divided by 95.
89
Calculate the remainder when 635 is divided by 12.
11
Calculate the remainder when 590 is divided by 18.
14
Calculate the remainder when 9619 is divided by 3204.
7
Calculate the remainder when 822 is divided by 45.
12
Calculate the remainder when 126 is divided by 3.
0
Calculate the remainder when 42 is divided by 11.
9
Calculate the remainder when 985 is divided by 19.
16
Calculate the remainder when 21 is divided by 2.
1
What is the remainder when 105 is divided by 14?
7
Calculate the remainder when 2164 is divided by 190.
74
Calculate the remainder when 2370 is divided by 82.
74
What is the remainder when 43356 is divided by 163?
161
What is the remainder when 3889 is divided by 969?
13
What is the remainder when 3670 is divided by 83?
18
What is the remainder when 1815 is divided by 13?
8
What is the remainder when 271 is divided by 20?
11
Calculate the remainder when 1235 is divided by 315.
290
What is the remainder when 30802 is divided by 68?
66
What is the remainder when 918 is divided by 42?
36
What is the remainder when 124 is divided by 25?
24
Calculate the remainder when 446 is divided by 16.
14
Calculate the remainder when 76 is divided by 43.
33
What is the remainder when 3888 is divided by 71?
54
What is the remainder when 21 is divided by 5?
1
What is the remainder when 3975 is divided by 78?
75
What is the remainder when 414 is divided by 305?
109
What is the remainder when 53 is divided by 7?
4
What is the remainder when 440 is divided by 31?
6
Calculate the remainder when 1673 is divided by 80.
73
What is the remainder when 147 is divided by 61?
25
Calculate the remainder when 923 is divided by 33.
32
Calculate the remainder when 177 is divided by 57.
6
What is the remainder when 480 is divided by 4?
0
What is the remainder when 696 is divided by 666?
30
Calculate the remainder when 37 is divided by 6.
1
Calculate the remainder when 793 is divided by 26.
13
What is the remainder when 53 is divided by 31?
22
Calculate the remainder when 36 is divided by 4.
0
What is the remainder when 179 is divided by 15?
14
Calculate the remainder when 2553 is divided by 12.
9
Calculate the remainder when 507 is divided by 44.
23
Calculate the remainder when 219 is divided by 74.
71
Calculate the remainder when 7469 is divided by 16.
13
Calculate the remainder when 630 is divided by 34.
18
What is the remainder when 1699 is divided by 27?
25
Calculate the remainder when 42 is divided by 22.
20
Calculate the remainder when 131 is divided by 23.
16
Calculate the remainder when 36 is divided by 15.
6
Calculate the remainder when 638 is divided by 18.
8
What is the remainder when 5295 is divided by 331?
330
What is the remainder when 469 is divided by 183?
103
Calculate the remainder when 4355 is divided by 66.
65
What is the remainder when 163 is divided by 44?
31
Calculate the remainder when 2386 is divided by 77.
76
Calculate the remainder when 791 is divided by 24.
23
Calculate the remainder when 628 is divided by 77.
12
Calculate the remainder when 133 is divided by 15.
13
What is the remainder when 242 is divided by 54?
26
Calculate the remainder when 4121 is divided by 133.
131
Calculate the remainder when 390 is divided by 20.
10
What is the remainder when 513 is divided by 409?
104
What is the remainder when 1238 is divided by 69?
65
What is the remainder when 5094 is divided by 20?
14
What is the remainder when 150 is divided by 117?
33
Calculate the remainder when 1833 is divided by 15.
3
Calculate the remainder when 85 is divided by 17.
0
What is the remainder when 100 is divided by 26?
22
What is the remainder when 49 is divided by 30?
19
What is the remainder when 239 is divided by 61?
56
Calculate the remainder when 279 is divided by 74.
57
What is the remainder when 381 is divided by 77?
73
What is the remainder when 179 is divided by 39?
23
Calculate the remainder when 330 is divided by 26.
18
What is the remainder when 639 is divided by 318?
3
Calculate the remainder when 128 is divided by 121.
7
Calculate the remainder when 58 is divided by 44.
14
Calculate the remainder when 342 is divided by 188.
154
Calculate the remainder when 4805 is divided by 1597.
14
What is the remainder when 93 is divided by 47?
46
Calculate the remainder when 411 is divided by 163.
85
What is the remainder when 1355 is divided by 371?
242
Calculate the remainder when 1125 is divided by 20.
5
What is the remainder when 119 is divided by 15?
14
Calculate the remainder when 652 is divided by 16.
12
What is the remainder when 480 is divided by 74?
36
Calculate the remainder when 2293 is divided by 193.
170
Calculate the remainder when 358 is divided by 73.
66
What is the remainder when 184 is divided by 47?
43
Calculate the remainder when 506 is divided by 210.
86
What is the remainder when 229 is divided by 68?
25
Calculate the remainder when 81 is divided by 3.
0
Calculate the remainder when 35 is divided by 13.
9
What is the remainder when 1225 is divided by 41?
36
What is the remainder when 3669 is divided by 34?
31
What is the remainder when 130 is divided by 27?
22
Calculate the remainder when 2392 is divided by 14.
12
Calculate the remainder when 3965 is divided by 32.
29
Calculate the remainder when 33 is divided by 14.
5
Calculate the remainder when 460 is divided by 36.
28
Calculate the remainder when 42702 is divided by 16.
14
Calculate the remainder when 545 is divided by 141.
122
Calculate the remainder when 239 is divided by 54.
23
Calculate the remainder when 33 is divided by 7.
5
Calculate the remainder when 230 is divided by 214.
16
Calculate the remainder when 114 is divided by 18.
6
Calculate the remainder when 265 is divided by 222.
43
Calculate the remainder when 846 is divided by 212.
210
What is the remainder when 47 is divided by 4?
3
Calculate the remainder when 82 is divided by 38.
6
Calculate the remainder when 74 is divided by 56.
18
What is the remainder when 2483 is divided by 27?
26
What is the remainder when 1032 is divided by 207?
204
What is the remainder when 3964 is divided by 198?
4
What is the remainder when 4883 is divided by 132?
131
Calculate the remainder when 226 is divided by 57.
55
Calculate the remainder when 589 is divided by 212.
165